and 810.
90
What is the highest common divisor of 2332 and 1002177?
583
Calculate the highest common factor of 552 and 38847.
69
Calculate the highest common factor of 48013 and 2261.
133
Calculate the greatest common divisor of 52777 and 4628.
89
Calculate the greatest common divisor of 74477 and 68.
17
What is the highest common divisor of 32820 and 60?
60
What is the greatest common divisor of 24364316 and 172?
172
Calculate the greatest common divisor of 2972 and 6.
2
Calculate the highest common factor of 2359449 and 9.
9
What is the greatest common factor of 135778 and 58?
58
What is the greatest common factor of 95 and 342209?
19
Calculate the highest common divisor of 2181357 and 10899.
1557
Calculate the greatest common factor of 18 and 19917.
9
What is the highest common divisor of 239547 and 1071?
357
What is the greatest common factor of 565 and 622291?
113
Calculate the greatest common factor of 81277 and 7497.
119
What is the highest common divisor of 260 and 170740?
20
Calculate the highest common divisor of 19280 and 240.
80
What is the highest common divisor of 168272 and 156?
52
What is the highest common factor of 304132 and 8896?
556
What is the greatest common divisor of 5558 and 12698?
14
Calculate the greatest common divisor of 56470 and 70.
10
What is the greatest common factor of 19980 and 10260?
540
Calculate the highest common divisor of 352033 and 11.
11
Calculate the highest common factor of 3960 and 5555.
55
What is the greatest common factor of 27 and 7236?
27
What is the highest common factor of 328671 and 4935?
987
What is the greatest common divisor of 10329 and 253?
11
What is the greatest common factor of 1303610 and 28?
14
Calculate the greatest common divisor of 36022 and 13778.
166
What is the highest common factor of 1121 and 5074?
59
What is the greatest common factor of 380337 and 291?
291
What is the highest common divisor of 29011 and 33774?
433
Calculate the greatest common factor of 216 and 8088.
24
Calculate the greatest common factor of 195635 and 55.
55
Calculate the highest common factor of 21 and 118139.
7
What is the highest common divisor of 31914 and 2187?
81
What is the greatest common factor of 131971 and 1666?
119
What is the greatest common divisor of 3485534 and 52?
26
Calculate the highest common factor of 23 and 2186909.
23
What is the greatest common factor of 4160 and 1561040?
1040
Calculate the greatest common divisor of 23192 and 4906.
446
What is the greatest common factor of 92 and 944518?
46
Calculate the greatest common factor of 2700 and 62820.
180
Calculate the highest common divisor of 300 and 39700.
100
Calculate the highest common factor of 12151 and 3625.
29
What is the highest common factor of 276 and 5175?
69
What is the greatest common divisor of 23384 and 24?
8
What is the highest common factor of 15089 and 1337?
191
What is the greatest common divisor of 7981 and 207?
23
Calculate the highest common factor of 582787 and 2812.
703
What is the highest common factor of 3 and 515052?
3
What is the greatest common factor of 481140 and 612?
36
Calculate the greatest common factor of 926307 and 114.
57
What is the greatest common divisor of 26086 and 18?
2
What is the highest common divisor of 2894 and 26?
2
What is the greatest common divisor of 186 and 1302868?
62
Calculate the highest common factor of 736 and 2112.
32
What is the greatest common factor of 34 and 43792?
34
What is the highest common divisor of 2198 and 29830?
314
What is the greatest common factor of 148008 and 336?
168
Calculate the greatest common divisor of 708 and 10824.
12
Calculate the greatest common divisor of 388585 and 1090.
545
Calculate the highest common factor of 1440 and 163936.
32
What is the greatest common divisor of 172057 and 2567?
17
What is the highest common divisor of 14 and 19054?
14
Calculate the highest common divisor of 12470 and 507400.
430
What is the highest common divisor of 3799 and 493?
29
What is the highest common factor of 20178 and 11?
1
What is the highest common divisor of 84993 and 492?
123
Calculate the greatest common divisor of 13678 and 5138.
14
Calculate the greatest common divisor of 4 and 588068.
4
What is the highest common factor of 1180 and 115?
5
What is the highest common divisor of 404 and 10296546?
202
What is the highest common divisor of 319834 and 1204?
86
What is the highest common factor of 765 and 6165?
45
Calculate the highest common divisor of 3869 and 42771.
53
What is the greatest common divisor of 1 and 58243?
1
What is the greatest common factor of 83880 and 1320?
120
Calculate the greatest common divisor of 8701 and 385.
77
Calculate the greatest common divisor of 13362 and 612.
102
What is the greatest common factor of 25912 and 29704?
632
Calculate the highest common divisor of 2270278 and 202.
202
Calculate the greatest common divisor of 40 and 173910.
10
Calculate the highest common factor of 1311471 and 1028.
257
What is the highest common factor of 74670 and 114?
114
What is the greatest common divisor of 1919481 and 435?
87
Calculate the highest common factor of 175916 and 15912.
884
What is the greatest common divisor of 136 and 1258?
34
Calculate the greatest common factor of 3240 and 12798.
162
Calculate the greatest common divisor of 13335 and 75.
15
What is the highest common factor of 20614 and 66?
22
What is the highest common factor of 110220 and 72?
12
Calculate the highest common factor of 288 and 73248.
96
What is the greatest common divisor of 39261 and 3983?
569
What is the greatest common factor of 1 and 5108?
1
Calculate the highest common divisor of 600 and 404475.
75
What is the greatest common factor of 112 and 3704?
8
What is the greatest common divisor of 473 and 13607?
11
Calculate the highest common factor of 9820 and 54760.
20
Calculate the greatest common divisor of 66048 and 25800.
1032
What is the highest common factor of 2580 and 1110?
30
Calculate the highest common divisor of 42 and 41769.
21
What is the greatest common factor of 14204 and 106?
106
What is the greatest common divisor of 147987 and 15225?
609
What is the highest common factor of 2288 and 7442864?
2288
What is the greatest common divisor of 222872 and 1352?
104
Calculate the greatest common divisor of 3936 and 7503.
123
What is the greatest common factor of 375255 and 18?
9
What is the highest common divisor of 350023 and 571?
571
Calculate the greatest common divisor of 9190040 and 40.
40
Calculate the greatest common factor of 4 and 13406.
2
What is the greatest common divisor of 9416 and 3047?
11
What is the highest common factor of 5780 and 880?
20
Calculate the greatest common factor of 12 and 109542.
6
Calculate the highest common factor of 484 and 334.
2
What is the highest common factor of 3935 and 120?
5
What is the greatest common divisor of 121 and 5797?
11
What is the greatest common factor of 395140 and 1472?
92
Calculate the highest common divisor of 6579 and 7497.
153
Calculate the greatest common factor of 70 and 5120.
10
Calculate the highest common factor of 24 and 1079096.
8
Calculate the highest common factor of 45 and 29061.
9
Calculate the highest common factor of 91 and 35966.
7
Calculate the highest common factor of 290 and 8690.
10
Calculate the highest common divisor of 159211 and 36075.
481
What is the greatest common factor of 21732 and 84?
12
What is the greatest common factor of 334 and 233967?
167
Calculate the highest common divisor of 1025 and 625.
25
What is the highest common divisor of 15932 and 84?
28
What is the highest common factor of 58 and 39612?
2
Calculate the greatest common divisor of 20779 and 55.
11
Calculate the greatest common factor of 14740 and 704.
44
Calculate the greatest common divisor of 692 and 98437.
173
What is the greatest common factor of 1043356 and 2596?
236
Calculate the greatest common divisor of 16 and 25072.
16
What is the greatest common divisor of 3712 and 3552?
32
What is the highest common divisor of 520 and 4264?
104
What is the highest common factor of 26316 and 3483?
387
Calculate the highest common factor of 26788 and 4292.
148
Calculate the highest common divisor of 28458 and 448632.
1674
Calculate the greatest common factor of 852 and 1846.
142
What is th